5 = -q. What are the prime factors of p?
2
Suppose 4*l - 23 = -4*w + 21, -2*l - 4*w + 14 = 0. What are the prime factors of l?
3, 5
Let g(n) = -3*n**2 - 11*n - 2. Let d(z) = -4*z**2 - 11*z - 2. Let u(b) = 4*d(b) - 5*g(b). What are the prime factors of u(10)?
2, 3
Suppose 10 = 5*j + 5*r, -j + 7 = r + r. Let q be (j - -2)/(1/(-13)). Suppose -f = -2*s + 2 - 9, 0 = -f + 5*s + q. What are the prime factors of f?
3
Suppose 2*d - o - 92 = 3*o, 2*d = -3*o + 120. What are the prime factors of d?
2, 3
Let f(p) = 4*p**3 - p**2 + 5*p + 4. Let i(l) = -7*l**3 + l**2 - 9*l - 7. Let n(y) = 5*f(y) + 3*i(y). List the prime factors of n(-3).
2, 7
Let b be (1 + 0)*(0 + 3). Let o(f) = f - 3 + 2*f + 5 - b. What are the prime factors of o(5)?
2, 7
Suppose 5*l - 1470 = -10*l. What are the prime factors of l?
2, 7
List the prime factors of 2427/12 - (-4 + (-17)/(-4)).
2, 101
Let r be 2*2 + (3 - 5). Suppose -3*z = -2*g + 2, r = 4*g + 4*z + 18. List the prime factors of 1 + (0 - 0) - g.
3
Suppose -3*j + 2*r + 590 = 0, r - 197 = -4*j + 586. List the prime factors of j.
2, 7
Let h = -7 - -73. What are the prime factors of h?
2, 3, 11
Let x(q) = -5*q + 1. Let t be x(1). What are the prime factors of ((-1)/2)/(t/32)?
2
Suppose -4*o - t = -409, -407 = -4*o + 4*t - 3*t. List the prime factors of o.
2, 3, 17
Suppose -4*c = -0*g + 3*g - 2, 0 = -3*c - 3. Suppose g*h = 0, h + 2*h - 96 = -2*k. List the prime factors of k.
2, 3
Let t(v) = v**3 + 4*v**2 + v + 2. Let c be t(-4). Let r be c + 1 + (-1 - -1). What are the prime factors of r/(-1*(-1)/(-12))?
2, 3
Suppose 4*o + 19 - 5 = -3*v, -2*v + 4*o = -4. Let j be (-2)/(-1*v/(-14)). Suppose 8 = 2*n - 2*s, -3*s - j = -3*n - 2*s. What are the prime factors of n?
5
Let j = 24 + -13. List the prime factors of j.
11
Let h(j) = 5*j + 3. Let a be h(-2). Let d(i) = -i - 1. Let r be d(a). Suppose z - r = 6. List the prime factors of z.
2, 3
What are the prime factors of 5 - (3 - 2) - -53?
3, 19
Suppose 0 = 5*y - 10*y. Suppose -3*o - 3*z + 48 + 60 = y, 0 = z + 1. List the prime factors of o.
37
Suppose -2*o - 10 = 2*s, o + o + 5*s = -7. Let q(r) = r + 5. Let f be q(o). List the prime factors of (14/4)/(f/(-2)).
7
Let k(y) be the third derivative of y**5/20 + y**4/24 + y**3/6 + y**2. What are the prime factors of k(2)?
3, 5
Suppose -3*t + 1 = -2. Suppose 2*s = -w + 4*w - 7, 0 = -3*w + 4*s - t. Suppose -w = 3*g - 4*d - 29, -5*d = g + 11. What are the prime factors of g?
2
List the prime factors of 2/3*(-2 + 1 + 325).
2, 3
Suppose -3*d + 2 = -28. Let r = d + -5. Suppose -81 = -5*b - r*k - 31, -5*k - 70 = -5*b. What are the prime factors of b?
2, 3
Let c(x) = 12*x**2 + 2*x - 2. Let o be c(-2). Let m = o + -17. List the prime factors of m.
5
Suppose 0 = -7*c + 2205 - 476. List the prime factors of c.
13, 19
What are the prime factors of -2 + 6 + 281 + (1 - 0)?
2, 11, 13
Let z = -52 + 33. Let v(y) = -y**3 - 5*y**2 - 5*y + 3. Let l be v(-5). Let r = z + l. What are the prime factors of r?
3
Let c(o) = 2*o - 1. Let p be c(3). Suppose p*t - 68 = 3*t. Suppose -4*i = -98 + t. List the prime factors of i.
2
Suppose -2*d + 176 = 5*p, 0 = -5*d - p - 7 + 447. What are the prime factors of d?
2, 11
Suppose -3*p = 2*k - 14, -k = 5*p - 10 - 18. Let v be 2*3/p*4. Suppose 8*n = v*n + 40. List the prime factors of n.
2, 5
Suppose 4*b - 5*u = -56, -3*b - 2*b + 5*u = 65. Let y be b/(-2) - (-12)/(-8). Suppose -2*h + 90 = y*h. What are the prime factors of h?
2, 3
Let l(z) = 3*z**3 - 2*z**2 + 2*z. Suppose -y - 4 = -3*y. List the prime factors of l(y).
2, 5
Let j = 4 + -3. Let d(p) = 3*p**3 + 3*p**2 + p + 5. Let r(s) = -s**3 - s**2 + 1. Let w(u) = j*d(u) + 4*r(u). List the prime factors of w(0).
3
Suppose 5*b + 82 = 4*r, 15 = r - 2*b - 2*b. What are the prime factors of r?
23
Let a(h) = 3*h. Suppose -k = -3*k + 2. What are the prime factors of a(k)?
3
Let s(r) = -8*r - 1. Let i be s(-4). Suppose -i = -4*y + 3*k, -2*y = -4*y - 5*k + 9. List the prime factors of y.
7
Let g be 1/(-2)*16/(-2). Let f be (g/(-6))/(6/(-9)). What are the prime factors of (6 + -27)*f/(-1)?
3, 7
Let o = 35 - 25. Let h = -12 - -6. Let f = o + h. List the prime factors of f.
2
Let q = 11 - 20. Let t(p) be the third derivative of -p**5/60 - 3*p**4/8 + p**3 - p**2. List the prime factors of t(q).
2, 3
Let w(v) = v**3 - 6*v**2 - 8*v + 10. Let y be w(7). Suppose 3*r + 14 = c, 2*r + 16 = c + y*c. List the prime factors of c.
2
Suppose -2*d + 2*r = -2, -25 = 2*d - 7*d - 5*r. Let u be -3 + 1/((-2)/(-24)). Suppose 12 = 5*l + d*w + 1, u = -3*w. List the prime factors of l.
2
Let q(v) = v + 1. Let c be q(4). Suppose c*k + 153 = 8*k. List the prime factors of k.
3, 17
Let l(u) = -2*u**3 - 25*u**2 + 27*u - 11. Let k(f) = -f**3 - 13*f**2 + 14*f - 6. Let h(d) = 5*k(d) - 3*l(d). What are the prime factors of h(-11)?
3
Suppose 4*d + 65 - 7 = 2*u, 0 = 5*d - 20. List the prime factors of u.
37
Suppose -6*j + 162 = -0*j. What are the prime factors of j?
3
Let o be (-52)/6 - (-12)/18. Let v = o - -23. List the prime factors of v.
3, 5
Let x(s) = s**2 - 3*s + 6. What are the prime factors of x(9)?
2, 3, 5
Let b(j) = -7*j**3 - 7*j**2 - 8*j - 2. List the prime factors of b(-3).
2, 37
Let u = 79 + -50. What are the prime factors of u?
29
Suppose 24 - 84 = -2*x. List the prime factors of x.
2, 3, 5
Let c = 36 - 11. List the prime factors of c.
5
Let m(a) = -a - 2. Let c be m(3). Let u = 17 + c. What are the prime factors of u?
2, 3
Let k = -12 + 26. List the prime factors of k.
2, 7
List the prime factors of 8/6*(-12 + 48).
2, 3
Let v be (3 - -1)/(2/(-2)). Let t be v/12 - 10/6. List the prime factors of (t - (-9)/12)*-4.
5
Let p = -6 + 5. What are the prime factors of p/(-1*1/9)?
3
Let t = 1 + 1. Suppose -p + 0*p = -3*c, -p + 5 = t*c. List the prime factors of p.
3
Let k = -4 - -6. Suppose 2*u + k*g - 3 - 17 = 0, u = -4*g + 13. List the prime factors of u.
3
Let a = 7 - 3. Suppose -35 = -a*i - i. List the prime factors of i.
7
What are the prime factors of (-495)/(-6)*32/10?
2, 3, 11
List the prime factors of 3428/10 - (-11)/55.
7
Let p be 3/((-2 - -1)*-1). What are the prime factors of 0 + 21 + -1 + p?
23
Suppose -2*g = 2*g + 4*t - 44, 2*t + 20 = 5*g. Let x(w) = -2*w - w**3 + 0*w**2 + 3 - g*w**2 + 2*w**2. List the prime factors of x(-4).
11
Let n(h) = -8*h + 64. What are the prime factors of n(-10)?
2, 3
Let d = 14 + -10. Let t(g) = -4*g - 3. Let n(s) = -7*s - 6. Let y(x) = -3*n(x) + 5*t(x). List the prime factors of y(d).
7
Let u(z) = -2*z**3 - 4*z**2 - z - 2. Let w(i) = -i**2 + 8*i + 6. Let x be w(9). List the prime factors of u(x).
19
Let t be (-4 + 2)*1 - 3. Let i = 3 - t. What are the prime factors of i?
2
Let o(j) = j + 3. Let k be o(-7). What are the prime factors of k/10 + (-110)/(-25)?
2
Suppose u - 7 = -3. Let c(t) = t**3 - 4*t**2 - 2. Let l be c(u). Let a = 1 - l. What are the prime factors of a?
3
Let l(c) = -c**3 + 8*c**2 - 10*c + 9. Suppose 2*q = -4*t + 32, -5*q + 40 = 4*t - 2*t. What are the prime factors of l(q)?
3, 7
Let c = 6 + -4. Suppose -5*d + 3*l = -110, -2*l - c*l + 95 = 3*d. List the prime factors of d.
5
Let h(t) = 6*t**2 + t - 1. Let j be ((-6)/(-4))/(6/(-8)). Let m be h(j). List the prime factors of (-75)/(-7) - (-6)/m.
11
Let o(c) = -c**3 + 9*c**2 - c + 13. What are the prime factors of o(9)?
2
Let s(z) = z**2 + 3*z - 8. Suppose -6*x = -x + 30. What are the prime factors of s(x)?
2, 5
Suppose -9*n = -8*n - 53. What are the prime factors of n?
53
Let c be (1 + -1)*(-1)/2. Let o = c + 0. Suppose o = 4*y - 16 - 12. What are the prime factors of y?
7
Let o = -17 - -20. What are the prime factors of o?
3
Let h = 25 + -12. Suppose 3*d - n = h, -3*d + 5*n = n - 16. Suppose -3*a + d = -5. What are the prime factors of a?
3
Suppose 62*v = 61*v + 95. List the prime factors of v.
5, 19
What are the prime factors of (9 - 248)/(0 + -1)?
239
Let s = -27 + 19. Let v = s - -22. What are the prime factors of v?
2, 7
Let w(t) be the second derivative of t**4/12 + t**3/3 - 5*t**2/2 + t. What are the prime factors of w(-5)?
2, 5
Let j(t) = -3*t - 21. Let v(g) = g + 7. Let u(y) = -4*j(y) - 11*v(y). What are the prime factors of u(-5)?
2
Let f(x) = 5*x + 24. What are the prime factors of f(10)?
2, 37
Let u be 12/(-30) + 67/5. Let m = -9 + u. Suppose z + 0*z = -2*y + 7, -4*y - 4 = -m*z. What are the prime factor